rmine a(0).
0
Let g(x) = x**2 + 35*x + 277. Give g(-22).
-9
Let z(i) = -16*i**2 - 226*i - 36. What is z(-14)?
-8
Let a(x) = 54*x**2 - 204*x - 8. Calculate a(5).
322
Let i(b) = 105*b + 4. What is i(-1)?
-101
Let d(b) = 2*b**2 + 35*b - 62. Determine d(-20).
38
Let x(k) = -93*k**2 + 3*k + 3. Give x(-1).
-93
Let z(v) = -967*v + 6724. Calculate z(7).
-45
Let i(r) = -r**2 + 341*r + 2407. Determine i(-7).
-29
Let o(c) = 2*c**2 + 49*c + 172. What is o(-22)?
62
Let c(x) = -2*x**2 - 124*x - 1657. Calculate c(-43).
-23
Let q(y) = -y**3 - 3*y**2 + y - 4. Give q(-3).
-7
Let g(z) = 3*z**2 - 108*z - 115. Calculate g(37).
-4
Let n(b) = -b**2 + 59*b - 352. Give n(41).
386
Let p(c) = 41*c - 413. What is p(10)?
-3
Let w(r) = -2*r**2 - 40*r - 248. What is w(-24)?
-440
Let n(y) = 135*y + 515. What is n(-4)?
-25
Let o(v) = -3*v**2 - 35*v - 4. Give o(-12).
-16
Let v(n) = -n**3 - 7*n**2 - 59*n - 146. What is v(-3)?
-5
Let i(h) = -418*h + 15481. Calculate i(37).
15
Let b(h) = -h**3 - 31*h**2 - 23*h + 224. Calculate b(-30).
14
Let m(t) = -2*t**3 + 76*t**2 + 18*t - 148. Calculate m(38).
536
Let l(a) = 2*a**3 - 36*a**2 + 19*a + 41. What is l(17)?
-214
Let c(g) = 26*g**2 - 633*g - 428. What is c(25)?
-3
Let l(o) = 119*o + 1046. What is l(-8)?
94
Let s(g) = 6*g + 54. Give s(-3).
36
Let s(c) = -7*c**2 - 54*c - 88. Give s(-6).
-16
Let d(t) = -7*t + 11. Determine d(0).
11
Let l(t) = -7*t**2 - 151*t + 6. Calculate l(-18).
456
Let t(v) = -48*v**3 - v**2 - 2*v - 1. What is t(-1)?
48
Let b(g) = -25*g + 705. Determine b(28).
5
Let w(j) = j**3 - 58*j**2 - 246*j - 91. Calculate w(62).
33
Let g(c) = c**2 + 56*c - 1631. Determine g(21).
-14
Let f(i) = 2*i**3 - 74*i**2 + 78*i - 116. Determine f(36).
100
Let v(o) = o**3 - 33*o**2 + 6*o - 48. What is v(33)?
150
Let s(x) = -x**3 - 16*x**2 - 66*x - 150. Determine s(-7).
-129
Let i(u) = -u**3 + 13*u**2 + 10*u + 13. What is i(0)?
13
Let r(w) = w**3 - 23*w**2 + 127*w - 29. Determine r(7).
76
Let s(n) = n**2 - 13*n - 166. Determine s(-6).
-52
Let q(y) = -y**3 + 24*y**2 + 156*y - 311. What is q(29)?
8
Let i(s) = -4*s**2 + 6*s + 830. Determine i(-14).
-38
Let q(i) = 226*i - 1592. Give q(7).
-10
Let o(v) = 3*v**2 - 113*v + 648. Calculate o(6).
78
Let y(h) = -20*h**2 + 56*h - 164. Calculate y(3).
-176
Let z(x) = -4*x - 134. Determine z(-9).
-98
Let u(v) = -2*v**2 - 15*v + 1682. Calculate u(-33).
-1
Let b(i) = -156*i + 638. Calculate b(4).
14
Let b(u) = 59*u + 27. Determine b(-6).
-327
Let s(a) = -48*a**2 + 204*a + 499. What is s(6)?
-5
Let i(l) = -l**3 - 9*l**2 + 25*l + 4. Calculate i(-10).
-146
Let w(p) = p**3 - 4*p**2 - 3*p - 22. Give w(4).
-34
Let r(y) = -4*y**2 + 31*y + 5. What is r(7)?
26
Let v(k) = k**2 + k - 95. What is v(-15)?
115
Let t(n) = 6*n + 385. What is t(-67)?
-17
Let u(s) = -28*s + 807. Give u(29).
-5
Let x(r) = r**3 + 26*r**2 - 33*r - 35. What is x(-27)?
127
Let t(r) = -631*r + 6949. Give t(11).
8
Let a(g) = -g**3 + 15*g**2 - 34*g + 10. Give a(2).
-6
Let i(d) = -d**3 - 24*d**2 + 8*d - 125. Give i(-25).
300
Let b(s) = -59*s + 3635. Give b(55).
390
Let u(m) = 289*m - 10691. Give u(37).
2
Let f(u) = -u**3 + 3*u**2 + u - 1. What is f(2)?
5
Let g(x) = 79*x + 690. Give g(-9).
-21
Let v(s) = -s**2 - 9*s + 488. Calculate v(-24).
128
Let g(f) = -664*f - 1275. Give g(-2).
53
Let n(p) = 5*p - 10. Calculate n(4).
10
Let a(u) = 54*u**2 + 79*u + 12. Give a(-5).
967
Let f(x) = -x**2 - 2*x + 4. What is f(15)?
-251
Let s(f) = 9*f - 208. Calculate s(24).
8
Let t(l) = l**3 - 98*l**2 + 99*l - 197. Calculate t(97).
-3
Let g(r) = -2*r**3 + 20*r**2 + 51*r + 33. Determine g(12).
69
Let i(a) = a**3 + 2*a**2 - 11*a + 21. What is i(-5)?
1
Let p(i) = 4*i**2 + 7*i - 163. What is p(-8)?
37
Let o(l) = -2*l**2 - 36*l - 11. Determine o(4).
-187
Let x(w) = 81*w + 2201. Determine x(-27).
14
Let l(p) = -472*p + 15113. Determine l(32).
9
Let f(d) = -18*d**2 + 291*d - 67. Calculate f(16).
-19
Let n(o) = o**3 - 17*o**2 + 22*o + 11. What is n(16)?
107
Let b(x) = x**2 - 41*x - 924. Give b(-16).
-12
Let q(h) = -2*h**3 - h**2 + 182*h + 368. Give q(-2).
16
Let i(w) = 47*w**2 - 68*w - 68. Calculate i(-1).
47
Let f(d) = -4*d**3 - 23*d**2 - 5*d - 48. Calculate f(-6).
18
Let h(o) = -o**3 + 66*o**2 + 344*o + 124. Determine h(71).
-657
Let v(q) = 4*q**2 - 64*q - 128. Give v(-2).
16
Let s(a) = a**2 + 1723*a - 10314. Give s(6).
60
Let l(m) = 3*m**2 - 90*m + 754. Determine l(13).
91
Let o(h) = -161*h**2 - 7*h - 5. Calculate o(-1).
-159
Let a(l) = -22*l**3 - 925*l**2 - 30*l + 490. Give a(-42).
-14
Let r(v) = -v**3 - 34*v**2 - 62*v + 11. Give r(-32).
-53
Let i(f) = 2*f**2 - 13*f + 33. What is i(12)?
165
Let r(s) = -s**3 - 51*s**2 + 48*s - 220. Calculate r(-52).
-12
Let o(p) = 22*p - 1686. Determine o(81).
96
Let a(c) = -14*c + 873. Give a(69).
-93
Let b(f) = -f**2 - 124*f - 3824. Determine b(-54).
-44
Let v(b) = -227*b - 896. Calculate v(-4).
12
Let d(a) = -9*a**2 + 4*a - 21. What is d(5)?
-226
Let y(u) = 28*u**2 - 9*u - 69. Give y(-5).
676
Let a(m) = -m**3 - 20*m**2 - 19*m + 526. Determine a(-17).
-18
Let i(r) = -22*r**2 + 240*r - 175. What is i(10)?
25
Let f(u) = 7*u**2 - 15*u + 5. Calculate f(7).
243
Let a(h) = -41*h - 210. Calculate a(-7).
77
Let f(j) = 195*j - 5680. Determine f(29).
-25
Let u(c) = c**3 - 2*c**2 - 9*c + 15. What is u(2)?
-3
Let g(t) = -t**3 - 5*t**2 - 818*t - 3244. What is g(-4)?
12
Let f(w) = -3*w**3 - 8*w**2 + 4*w + 5. Give f(-1).
-4
Let l(k) = -157*k - 18569. What is l(-118)?
-43
Let r(l) = 39*l + 8. Calculate r(-3).
-109
Let v(f) = -66*f**2 + 2*f. Calculate v(1).
-64
Let c(t) = -46*t + 4605. Give c(100).
5
Let x(n) = 699*n**3 - 3*n**2 + n + 1. Determine x(1).
698
Let a(d) = 5*d**2 + 224*d + 381. What is a(-43)?
-6
Let s(q) = 2808*q - 75810. Determine s(27).
6
Let p(m) = -2*m**3 - 26*m**2 - 27*m - 32. Give p(-12).
4
Let i(q) = -181*q + 10539. What is i(58)?
41
Let t(k) = -k**3 - 5*k**2 + 33*k - 25. Give t(-9).
2
Let b(j) = 40*j - 2860. Give b(72).
20
Let c(a) = 2431*a - 94822. Determine c(39).
-13
Let n(s) = -145*s - 585. Determine n(-4).
-5
Let l(o) = 3*o**3 + 47*o**2 + 33*o + 30. What is l(-15)?
-15
Let v(z) = 2*z - 117. Determine v(-16).
-149
Let y(n) = -12*n - 716. Calculate y(-60).
4
Let v(j) = j**2 - 76*j - 14. Determine v(0).
-14
Let y(l) = l**2 + 11*l + 73. Give y(-17).
175
Let k(u) = -9*u + 18. What is k(2)?
0
Let w(j) = -217*j + 290. What is w(1)?
73
Let s(w) = -126*w - 1648. What is s(-13)?
-10
Let f(h) = -2*h**3 + 12*h**2 + 35*h + 129. Calculate f(10).
-321
Let s(a) = a**2 + 24*a - 25. Give s(-22).
-69
Let k(c) = c**3 - 9*c**2 + 10*c - 1. Calculate k(6).
-49
Let f(a) = -a**2 + 121*a + 5080. Calculate f(-33).
-2
Let g(s) = s**2 - 65*s - 569. What is g(-8)?
15
Let o(z) = z**3 - 36*z**2 - 8*z + 243. Calculate o(36).
-45
Let d(i) = -i**3 + 4*i**2 + 42*i - 175. What is d(4)?
-7
Let t(c) = -10*c + 76. Determine t(-4).
116
Let w(f) = -2*f**2 + 13*f - 25. Calculate w(8).
-49
Let x(o) = o**3 - 45*o**2 + 263*o + 243. What is x(8)?
-21
Let x(d) = 3*d**3 + 49*d**2 + 57*d - 42. Give x(-15).
3
Let i(g) = -148*g + 1239. Give i(8).
55
Let z(m) = 3*m - 73. Determine z(18).
-19
Let s(j) = j**3 + 178*j**2 + 524*j - 152. Calculate s(-175).
23
Let b(h) = 97*h**2 - 2. Calculate b(1).
95
Let d(j) = -j**2 + 97*j + 2656. Calculate d(119).
38
Let o(z) = -10*z**2 + 50*z + 75. Determine o(6).
15
Let r(s) = 4514*s + 108330. What is r(-24)?
-6
Let j(m) = -79*m + 1646. Calculate j(22).
-92
Let h(p) = 505*p + 3560. Calculate h(-7).
25
Let o(f) = 8*f**2 - 22*f - 4. Determine o(2).
-16
Let j(n) = 10*n**2 - 503*n + 5712. Determine j(33).
3
Let h(c) = -7*c**2 + c + 1. Calculate h(3).
-59
Let z(p) = 156*p + 9516. What is z(-61)?
0
Let j(a) = -7*a**2 - 721*a - 720. Give j(-1).
-6
Let g(v) = 38*v**2 - 611*v + 19. Determine g(16).
-29
Let f(l) = -22*l**3 + 5*l**2 - 4*l - 5. Give f(-2).
199
Let k(q) = 5*q**2 + 55*q - 98. Give k(-12).
-38
Let p(t) = -2*t**2 + 46*t - 590. What is p(10)?
-330
Let m(z) = 248*z + 250. Determine m(-1).
2
Let f(i) = 3*i**3 + 12*i**2 + 2*i + 2. Give f(-7).
-453
Let a(r) = -11*r**2 - 52*r + 33. Give a(-6).
-51
Let u(m) = m**3 + 37*m**2 + 21*m - 542. What is u(-36)?
-2
Let n(i) = 2*i**3 - 43*i**2 - 17*i - 75. Calculate n(22).
35
Let h(a) = -30*a**2 - 5*a + 4. Give h(1).
-31
Let k(y) = y**3 - 7*y**2 + 34*y - 95. Calculate k(5).
25
Let n(f) = -9*f**2 - 20*f + 87